en 815373 is divided by 838.
837
What is the remainder when 335 is divided by 120?
95
What is the remainder when 487483 is divided by 1035?
1033
Calculate the remainder when 3890 is divided by 22.
18
Calculate the remainder when 1562 is divided by 762.
38
Calculate the remainder when 26351 is divided by 3761.
24
Calculate the remainder when 1179 is divided by 28.
3
What is the remainder when 6544 is divided by 1064?
160
Calculate the remainder when 87709 is divided by 87695.
14
What is the remainder when 154745 is divided by 11?
8
What is the remainder when 326889 is divided by 194?
193
Calculate the remainder when 21314 is divided by 245.
244
What is the remainder when 73262 is divided by 6?
2
What is the remainder when 234923 is divided by 238?
17
What is the remainder when 41000 is divided by 13660?
20
What is the remainder when 23349 is divided by 11672?
5
Calculate the remainder when 43462 is divided by 21723.
16
Calculate the remainder when 5279 is divided by 86.
33
Calculate the remainder when 3502 is divided by 635.
327
What is the remainder when 16424 is divided by 388?
128
Calculate the remainder when 417592 is divided by 900.
892
What is the remainder when 487 is divided by 461?
26
Calculate the remainder when 19520 is divided by 9754.
12
Calculate the remainder when 18146 is divided by 958.
902
What is the remainder when 4226 is divided by 1315?
281
Calculate the remainder when 18414 is divided by 13.
6
What is the remainder when 11804 is divided by 27?
5
Calculate the remainder when 60416 is divided by 31.
28
Calculate the remainder when 12643 is divided by 51.
46
What is the remainder when 398003 is divided by 9707?
16
What is the remainder when 126645 is divided by 606?
597
Calculate the remainder when 3997 is divided by 1304.
85
Calculate the remainder when 3814 is divided by 475.
14
What is the remainder when 4696 is divided by 359?
29
What is the remainder when 81719 is divided by 360?
359
What is the remainder when 35703226 is divided by 67?
65
Calculate the remainder when 592603 is divided by 13.
11
What is the remainder when 4939 is divided by 170?
9
Calculate the remainder when 26872 is divided by 8945.
37
What is the remainder when 4297 is divided by 575?
272
What is the remainder when 140515 is divided by 140510?
5
What is the remainder when 14095 is divided by 57?
16
Calculate the remainder when 41969 is divided by 6993.
11
What is the remainder when 3240 is divided by 1616?
8
Calculate the remainder when 64735 is divided by 13.
8
Calculate the remainder when 1386356 is divided by 72.
68
What is the remainder when 2322 is divided by 1151?
20
Calculate the remainder when 16956 is divided by 16777.
179
Calculate the remainder when 371912 is divided by 95.
82
What is the remainder when 36770 is divided by 1748?
62
Calculate the remainder when 6829 is divided by 227.
19
Calculate the remainder when 5793 is divided by 382.
63
What is the remainder when 7828 is divided by 356?
352
Calculate the remainder when 215237 is divided by 1824.
5
What is the remainder when 407 is divided by 39?
17
What is the remainder when 6266 is divided by 3124?
18
Calculate the remainder when 1987 is divided by 391.
32
What is the remainder when 14493 is divided by 81?
75
What is the remainder when 3831040 is divided by 87?
82
What is the remainder when 65963 is divided by 90?
83
What is the remainder when 1048 is divided by 61?
11
Calculate the remainder when 35703 is divided by 78.
57
What is the remainder when 7262 is divided by 23?
17
Calculate the remainder when 2470 is divided by 31.
21
What is the remainder when 16548 is divided by 35?
28
Calculate the remainder when 3357 is divided by 89.
64
What is the remainder when 2954 is divided by 486?
38
What is the remainder when 20687 is divided by 1092?
1031
Calculate the remainder when 64242 is divided by 483.
3
What is the remainder when 27800 is divided by 484?
212
Calculate the remainder when 73330 is divided by 797.
6
Calculate the remainder when 101301 is divided by 52.
5
Calculate the remainder when 2518334 is divided by 1444.
1442
What is the remainder when 21294 is divided by 69?
42
Calculate the remainder when 374334 is divided by 62389.
0
Calculate the remainder when 1568 is divided by 1401.
167
Calculate the remainder when 9578 is divided by 9247.
331
What is the remainder when 761575 is divided by 60?
55
Calculate the remainder when 2306 is divided by 704.
194
Calculate the remainder when 2227 is divided by 1096.
35
What is the remainder when 72489 is divided by 212?
197
Calculate the remainder when 30874 is divided by 28.
18
Calculate the remainder when 10257 is divided by 76.
73
What is the remainder when 47198 is divided by 944?
942
Calculate the remainder when 19209 is divided by 20.
9
Calculate the remainder when 5248 is divided by 5243.
5
Calculate the remainder when 177104 is divided by 1114.
1092
Calculate the remainder when 7233 is divided by 620.
413
Calculate the remainder when 11726 is divided by 616.
22
What is the remainder when 28794 is divided by 242?
238
What is the remainder when 686 is divided by 572?
114
Calculate the remainder when 9901 is divided by 4942.
17
What is the remainder when 30227 is divided by 3358?
5
What is the remainder when 75596 is divided by 560?
556
Calculate the remainder when 206059 is divided by 1561.
7
Calculate the remainder when 5639 is divided by 2721.
197
Calculate the remainder when 4290 is divided by 278.
120
Calculate the remainder when 5000 is divided by 61.
59
Calculate the remainder when 26463 is divided by 199.
195
Calculate the remainder when 27133 is divided by 9039.
16
What is the remainder when 3649 is divided by 24?
1
What is the remainder when 168239 is divided by 24?
23
Calculate the remainder when 157805 is divided by 7.
4
Calculate the remainder when 1785 is divided by 87.
45
What is the remainder when 800 is divided by 84?
44
What is the remainder when 1479 is divided by 74?
73
What is the remainder when 2650 is divided by 524?
30
Calculate the remainder when 64871 is divided by 204.
203
Calculate the remainder when 361395 is divided by 31.
28
Calculate the remainder when 3867 is divided by 45.
42
Calculate the remainder when 70701 is divided by 70682.
19
Calculate the remainder when 1771 is divided by 848.
75
Calculate the remainder when 110814 is divided by 21.
18
Calculate the remainder when 161757 is divided by 80874.
9
Calculate the remainder when 53949 is divided by 21.
0
Calculate the remainder when 5266 is divided by 383.
287
Calculate the remainder when 16548 is divided by 3256.
268
What is the remainder when 18240 is divided by 128?
64
What is the remainder when 22283 is divided by 22268?
15
What is the remainder when 4090 is divided by 154?
86
What is the remainder when 2747222 is divided by 274722?
2
Calculate the remainder when 1007 is divided by 248.
15
What is the remainder when 904 is divided by 843?
61
Calculate the remainder when 7074 is divided by 387.
108
Calculate the remainder when 229301 is divided by 8.
5
What is the remainder when 21948 is divided by 977?
454
What is the remainder when 57416 is divided by 5741?
6
What is the remainder when 1360 is divided by 553?
254
What is the remainder when 27220 is divided by 11?
6
What is the remainder when 50334 is divided by 572?
570
Calculate the remainder when 6368 is divided by 228.
212
What is the remainder when 8657 is divided by 2879?
20
What is the remainder when 405027 is divided by 1709?
1703
Calculate the remainder when 3381 is divided by 164.
101
What is the remainder when 586843 is divided by 8?
3
Calculate the remainder when 105262 is divided by 103.
99
What is the remainder when 251 is divided by 87?
77
What is the remainder when 2208244 is divided by 329?
325
Calculate the remainder when 5409 is divided by 198.
63
What is the remainder when 40515 is divided by 6?
3
Calculate the remainder when 20925 is divided by 173.
165
Calculate the remainder when 2036 is divided by 2030.
6
Calculate the remainder when 33067 is divided by 2361.
13
Calculate the remainder when 3739 is divided by 270.
229
Calculate the remainder when 4944 is divided by 166.
130
Calculate the remainder when 885 is divided by 65.
40
Calculate the remainder when 88623 i